{"id":10,"date":"2024-04-28T00:32:34","date_gmt":"2024-04-28T03:32:34","guid":{"rendered":"http:\/\/portaldenoticiasfam.com.br\/?page_id=10"},"modified":"2024-04-28T00:32:34","modified_gmt":"2024-04-28T03:32:34","slug":"quem-somos","status":"publish","type":"page","link":"https:\/\/portaldenoticiasfam.com.br\/?page_id=10","title":{"rendered":"Quem somos"},"content":{"rendered":"\n<p>Este portal de not\u00edcias \u00e9 um projeto elaborado pela turma de jornalismo da FAM<\/p>\n\n\n\n<p class=\"has-medium-font-size\">sob orienta\u00e7\u00e3o do prof\u00ba dr\u00ba Alexandre Possendoro, <\/p>\n","protected":false},"excerpt":{"rendered":"<p>Este portal de not\u00edcias \u00e9 um projeto elaborado pela turma de jornalismo da FAM sob orienta\u00e7\u00e3o do prof\u00ba dr\u00ba Alexandre Possendoro,<\/p>\n","protected":false},"author":1,"featured_media":0,"parent":0,"menu_order":0,"comment_status":"closed","ping_status":"closed","template":"","meta":{"footnotes":""},"class_list":["post-10","page","type-page","status-publish","hentry"],"_links":{"self":[{"href":"https:\/\/portaldenoticiasfam.com.br\/index.php?rest_route=\/wp\/v2\/pages\/10","targetHints":{"allow":["GET"]}}],"collection":[{"href":"https:\/\/portaldenoticiasfam.com.br\/index.php?rest_route=\/wp\/v2\/pages"}],"about":[{"href":"https:\/\/portaldenoticiasfam.com.br\/index.php?rest_route=\/wp\/v2\/types\/page"}],"author":[{"embeddable":true,"href":"https:\/\/portaldenoticiasfam.com.br\/index.php?rest_route=\/wp\/v2\/users\/1"}],"replies":[{"embeddable":true,"href":"https:\/\/portaldenoticiasfam.com.br\/index.php?rest_route=%2Fwp%2Fv2%2Fcomments&post=10"}],"version-history":[{"count":1,"href":"https:\/\/portaldenoticiasfam.com.br\/index.php?rest_route=\/wp\/v2\/pages\/10\/revisions"}],"predecessor-version":[{"id":12,"href":"https:\/\/portaldenoticiasfam.com.br\/index.php?rest_route=\/wp\/v2\/pages\/10\/revisions\/12"}],"wp:attachment":[{"href":"https:\/\/portaldenoticiasfam.com.br\/index.php?rest_route=%2Fwp%2Fv2%2Fmedia&parent=10"}],"curies":[{"name":"wp","href":"https:\/\/api.w.org\/{rel}","templated":true}]}}